. Give y(32).
-811
Let m(s) = -10*s**2 + 111*s + 4424. Determine m(27).
131
Let q(c) = -1505*c**2 + 146*c + 147. Calculate q(-1).
-1504
Let n(u) = u**3 + 47*u**2 + 276*u + 155. Determine n(-38).
2663
Let u(c) = -30794*c + 184578. Calculate u(6).
-186
Let f(n) = -77*n - 3261. What is f(-43)?
50
Let n(j) = -j**2 + 3602*j + 72439. What is n(-20)?
-1
Let f(c) = -24929*c - 299144. Give f(-12).
4
Let s(t) = 562*t + 704. Give s(-3).
-982
Let o(c) = -310*c**2 + 19875*c - 2245. Calculate o(64).
-5
Let l(q) = q**2 - 34773*q + 451843. Determine l(13).
-37
Let a(c) = -69*c**2 + 374*c - 105. What is a(3)?
396
Let r(n) = 2*n**2 + 192810*n + 1927883. What is r(-10)?
-17
Let m(v) = v**3 + 313*v**2 + 2723*v - 3914. Give m(-304).
38
Let d(f) = f**3 - 14*f**2 + 598*f - 3330. What is d(6)?
-30
Let s(n) = -8*n**3 + 7*n**2 + n - 10. What is s(3)?
-160
Let m(g) = -391*g**2 - 12153*g - 1163. Give m(-31).
-171
Let a(z) = 10039*z + 271059. What is a(-27)?
6
Let g(y) = 600168*y + 3601008. Determine g(-6).
0
Let f(s) = -6*s**3 - 6791*s**2 - 5685*s - 33926. Give f(-1131).
4
Let x(c) = -15*c**2 - 2316*c + 2333. What is x(1)?
2
Let c(n) = 6*n**3 - 153*n**2 + 277*n - 73. What is c(24)?
1391
Let w(h) = -2*h**3 + 123*h**2 + 30*h - 5595. Give w(61).
-44
Let i(a) = a**2 - 531*a - 36464. Determine i(-61).
-352
Let k(i) = -62*i**2 - 414*i + 441. Calculate k(1).
-35
Let v(d) = -7*d**3 + 730*d**2 - 737*d + 8. Determine v(1).
-6
Let i(n) = -26041*n + 1093721. Give i(42).
-1
Let v(k) = -2*k**3 - 4*k**2 - 20*k - 53. Give v(-2).
-13
Let i(h) = 2*h**2 - 5092*h + 3106906. Determine i(1532).
10
Let i(o) = 602*o + 36969. Calculate i(-62).
-355
Let r(q) = 6*q**3 - 86*q**2 + 146*q - 488. Give r(13).
58
Let f(h) = 8310*h + 41233. Give f(-5).
-317
Let n(r) = -r**3 - 94*r**2 - 809*r - 386. Calculate n(-9).
10
Let c(r) = -111*r**3 + 13*r**2 - 30*r. Calculate c(2).
-896
Let c(k) = -37*k**2 + 258*k + 2172. Determine c(-5).
-43
Let m(p) = -99*p**2 + 827*p + 18. Determine m(8).
298
Let h(u) = -75949*u + 379790. What is h(5)?
45
Let q(z) = 2*z**2 - 13963*z - 2769361. Calculate q(-193).
-4
Let t(r) = 3*r**3 - 25*r**2 + 128*r - 742. Calculate t(7).
-42
Let l(s) = -24*s**3 - 18*s**2 - 89*s + 29. Give l(-3).
782
Let h(t) = t**3 + 90*t**2 + 855*t + 2487. Give h(-80).
-1913
Let t(q) = 302592*q - 9682936. Calculate t(32).
8
Let f(i) = 2*i**3 - 489*i**2 + 24946*i - 1062. Determine f(172).
-30
Let s(g) = -3*g**3 + g**2 - 153*g - 37. Calculate s(0).
-37
Let f(h) = -345*h + 35526. Calculate f(103).
-9
Let v(l) = 10226*l - 30783. Give v(3).
-105
Let o(n) = n**2 + 78*n - 585. Determine o(9).
198
Let z(b) = b**3 - 64*b**2 + 313*b - 116. Give z(58).
-2146
Let b(m) = m**3 + 21*m**2 - 5576*m - 132063. Calculate b(-24).
33
Let j(k) = -78*k**2 - 1718*k - 19. Determine j(-22).
25
Let x(y) = -1655*y + 49515. Determine x(30).
-135
Let u(f) = -4*f**3 - 113*f**2 + 276*f + 4977. Determine u(-29).
-504
Let o(r) = -41*r**2 - 834*r + 20. Determine o(-20).
300
Let b(v) = -89289*v - 2053646. Give b(-23).
1
Let s(y) = -y**2 - 171*y + 1750. Give s(10).
-60
Let b(t) = 3*t**3 + 5*t**2 + 15*t + 1. Calculate b(2).
75
Let j(s) = -3226*s + 25375. Determine j(8).
-433
Let g(x) = -2*x**3 + 18*x**2 - 9*x - 107. What is g(7)?
26
Let u(d) = d**3 - 195*d**2 - 3251*d + 76. Calculate u(-15).
1591
Let j(s) = -42*s**2 + 696*s + 10284. Give j(26).
-12
Let x(f) = -3879*f + 58102. What is x(15)?
-83
Let w(x) = -1546*x - 9311. What is w(-6)?
-35
Let v(o) = 6484*o + 25955. Calculate v(-4).
19
Let b(x) = 5777*x + 5911. Give b(-1).
134
Let k(y) = 4*y**2 + 2805*y + 254346. Give k(-107).
7
Let h(y) = 19*y**2 + 2962*y + 17088. Determine h(-6).
0
Let a(u) = 149*u**3 - 36*u**2 + 22*u + 14. Determine a(1).
149
Let n(c) = c**3 - 66*c**2 + 879*c - 1287. Determine n(16).
-23
Let h(s) = -s**2 + 399078*s + 3990887. What is h(-10)?
7
Let a(s) = -1351*s + 23070. Determine a(17).
103
Let q(w) = -8513*w - 68151. Determine q(-8).
-47
Let r(g) = 11*g**2 - 200*g - 977. Calculate r(-4).
-1
Let a(u) = -37823*u + 567300. Calculate a(15).
-45
Let h(i) = 137*i**2 + 1221*i + 1015. Give h(-8).
15
Let l(w) = 91325*w - 547954. Calculate l(6).
-4
Let k(j) = j**2 + 875*j - 154458. Determine k(151).
468
Let m(j) = -2014*j + 382698. Determine m(190).
38
Let m(n) = 6*n**3 - 12*n**2 + 2*n + 42. What is m(4)?
242
Let z(s) = s**3 - 41*s**2 + 378*s + 177. Calculate z(15).
-3
Let t(c) = -49734*c + 248799. Give t(5).
129
Let j(b) = -3*b**3 + 550*b**2 + 910*b + 2756. Determine j(185).
-19
Let v(q) = -q**3 - 11*q**2 - 392*q - 6024. What is v(-14)?
52
Let c(j) = -3112*j + 37489. Calculate c(12).
145
Let m(z) = 76*z**2 - 2002*z - 10996. Determine m(31).
-22
Let a(i) = -2*i**3 + 57*i**2 + 58*i - 872. Give a(29).
-31
Let d(g) = -g**3 - 299*g**2 - 1162*g + 5357. What is d(-295)?
47
Let b(f) = 802*f - 364529. What is b(453)?
-1223
Let m(d) = -d**3 - 5*d**2 + 1975*d - 183. Give m(-47).
-230
Let b(s) = 193*s**3 + 61*s**2 - 85*s + 25. What is b(1)?
194
Let c(j) = -6*j**3 + 144*j**2 + 384*j - 85. Calculate c(26).
1787
Let c(g) = 1008*g + 212461. What is c(-211)?
-227
Let h(r) = -r**2 + 5125*r - 683347. Calculate h(137).
9
Let l(c) = -c**2 - 3216*c + 87595. Calculate l(27).
34
Let s(u) = -u**3 + 62*u**2 - 396*u + 58. What is s(7)?
-19
Let x(v) = -7*v**3 - 10*v**2 - v + 20. Determine x(-4).
312
Let w(t) = -7*t**2 + 458*t - 6077. Determine w(19).
98
Let p(y) = -y**2 + 49356*y - 394802. Calculate p(8).
-18
Let g(b) = 4*b**3 + 473*b**2 - 777*b + 7545. Give g(-120).
-15
Let b(h) = -2*h**2 - 5713*h - 175214. Determine b(-31).
-33
Let l(c) = 1573*c**2 - 28430*c + 41. Calculate l(18).
-2047
Let s(n) = -n**3 + 44*n**2 - 169*n + 109. Calculate s(40).
-251
Let o(d) = 8*d**3 - 588*d**2 - 908*d + 581. Determine o(75).
-19
Let s(c) = c**2 + 4021*c + 151095. Determine s(-38).
-259
Let l(o) = -10*o**2 - 99*o + 34. Determine l(-13).
-369
Let r(p) = 7615*p + 700579. Determine r(-92).
-1
Let p(q) = -206*q - 6613. Give p(-36).
803
Let f(g) = g**3 + 716*g**2 - 19287*g + 3706. Determine f(-742).
-4
Let b(v) = 2*v**2 - 961*v + 27144. What is b(30)?
114
Let h(i) = 6*i**3 - 315*i**2 - 145*i - 774. Calculate h(53).
-32
Let i(q) = -4*q**3 + 2*q**2 - 47*q - 339. Determine i(0).
-339
Let h(i) = -i**3 + 8765*i**2 + 35043*i - 115. Calculate h(-4).
17
Let n(y) = 221132*y - 1769088. What is n(8)?
-32
Let b(c) = -4417*c - 30888. Determine b(-7).
31
Let h(k) = 3927*k - 23707. Determine h(6).
-145
Let l(t) = -41*t - 1817. Calculate l(-52).
315
Let v(y) = -2*y**3 + 26*y**2 + 172*y - 766. Calculate v(15).
914
Let j(i) = 2092*i + 17064. Calculate j(-8).
328
Let x(n) = 27*n**3 - 86*n**2 - 101*n + 119. Determine x(-2).
-239
Let m(x) = -8821*x - 917382. Calculate m(-104).
2
Let g(v) = v**3 + 258*v**2 + 3408*v - 119. What is g(-14)?
-7
Let c(l) = -4*l**2 + 42207*l + 126631. Give c(-3).
-26
Let k(y) = y**3 + 281*y**2 - 15798*y + 291. Calculate k(48).
3
Let a(u) = -2*u**3 - 209*u**2 - 1201*u - 162. What is a(-6)?
-48
Let s(b) = -b**2 - 71*b - 508. What is s(-65)?
-118
Let g(d) = -1160*d - 117348. Give g(-102).
972
Let b(k) = -4*k**3 + 101*k**2 - 517*k - 759. Give b(17).
-11
Let m(i) = 10*i**3 + 5692*i**2 + 1158*i + 11121. What is m(-569)?
-259
Let m(x) = 4441*x - 2979911. What is m(671)?
0
Let i(b) = -b**3 - 199*b**2 + 1364*b - 696. Determine i(6).
108
Let n(w) = w**2 + 1140*w + 15026. Determine n(-13).
375
Let i(l) = 630*l + 20347. Calculate i(-32).
187
Let m(f) = -6*f**3 + 31*f**2 - 2*f + 28. What is m(5)?
43
Let i(w) = -3*w**3 - 76*w**2 + 25*w + 56. Determine i(-26).
758
Let w(t) = -2*t**3 + 18*t**2 + 12*t - 145. Determine w(9).
-37
Let d(f) = 2*f**3 + 632*f**2 - 4*f - 1238. Calculate d(-316).
26
Let k(c) = 7*c**2 - 15119*c + 90473. What is k(6)?
11
Let t(u) = 72810*u - 1383418. Give t(19).
-28
Let l(c) = 31942*c - 31698. Calculate l(1).
244
Let f(q) = 1716*q - 164752. Give f(96).
-16
Let p(q) = -q**2 + 529*q - 60057. Give p(167).
397
Let i(b) = 3101*b + 85632. Calculate i(-28).
-1196
Let d(y) = 1033*y + 542482. Give d(-525).
157
Let g(v) = 10*v**3 - 113*v**2 + 18*v + 149. What is g(11)?
-16
Let l(q) = 52458*q - 35146857. Calculate l(670).
3
Let r(m) = -10*m**2 - 828*m - 567. Give r(-82).
89
Let o(l) = -22725*l - 818091. Determine o(-36).
9
Let l(h) = 30164*h - 180988. Give l(6).
-4
Let x(p) = -p**3 - 6*p**2 + 21*p - 14. Calculate x(-7).
-11